r of 448?
True
Does 76 divide 1520?
True
Does 15 divide 725?
False
Is 780 a multiple of 13?
True
Does 45 divide 515?
False
Does 26 divide 731?
False
Does 11 divide 9713?
True
Is 41 a factor of 13981?
True
Is 13837 a multiple of 7?
False
Is 1890 a multiple of 10?
True
Is 190 a multiple of 4?
False
Is 3762 a multiple of 9?
True
Is 433 a multiple of 5?
False
Is 87 a factor of 6949?
False
Does 15 divide 463?
False
Is 576 a multiple of 12?
True
Is 17 a factor of 34289?
True
Does 375 divide 75247?
False
Is 792 a multiple of 24?
True
Does 8 divide 1018?
False
Does 27 divide 773?
False
Is 39780 a multiple of 45?
True
Does 24 divide 1346?
False
Is 7452 a multiple of 69?
True
Is 32147 a multiple of 13?
False
Is 2441 a multiple of 8?
False
Is 12 a factor of 11362?
False
Is 56 a multiple of 8?
True
Does 5 divide 292?
False
Is 44662 a multiple of 28?
False
Is 105 a factor of 2042?
False
Is 35 a factor of 363?
False
Is 10 a factor of 98970?
True
Does 19 divide 660?
False
Is 11 a factor of 1871?
False
Is 9 a factor of 1179?
True
Does 5 divide 670?
True
Is 2578 a multiple of 28?
False
Is 4002 a multiple of 14?
False
Does 5 divide 697?
False
Does 3 divide 216?
True
Is 44 a factor of 555?
False
Is 8748 a multiple of 81?
True
Is 14500 a multiple of 116?
True
Does 12 divide 1283?
False
Is 4968 a multiple of 8?
True
Is 10670 a multiple of 5?
True
Is 66 a factor of 2442?
True
Is 15 a factor of 4890?
True
Is 4 a factor of 392?
True
Is 50069 a multiple of 12?
False
Is 4 a factor of 311?
False
Is 9 a factor of 3042?
True
Is 90 a factor of 5841?
False
Does 14 divide 8666?
True
Is 478 a multiple of 5?
False
Is 5 a factor of 182?
False
Is 76 a factor of 5208?
False
Does 10 divide 40?
True
Is 12 a factor of 10375?
False
Does 10 divide 220?
True
Is 24 a factor of 552?
True
Does 8 divide 1336?
True
Does 83 divide 23489?
True
Is 31 a factor of 527?
True
Does 10 divide 455?
False
Does 50 divide 8047?
False
Is 1365 a multiple of 13?
True
Is 2184 a multiple of 56?
True
Is 15500 a multiple of 20?
True
Is 561 a multiple of 11?
True
Does 243 divide 72171?
True
Is 1717 a multiple of 7?
False
Is 10598 a multiple of 14?
True
Does 108 divide 5616?
True
Does 89 divide 4022?
False
Is 26 a factor of 37928?
False
Does 15 divide 645?
True
Is 9 a factor of 19?
False
Is 1932 a multiple of 46?
True
Does 8 divide 384?
True
Does 57 divide 2736?
True
Is 20 even?
True
Is 824 even?
True
Is 24050 a multiple of 13?
True
Is 1485 a multiple of 15?
True
Is 20 a factor of 4000?
True
Is 51 a factor of 510?
True
Is 4 a factor of 108?
True
Is 15 a factor of 48480?
True
Is 105 a factor of 6840?
False
Does 16 divide 64?
True
Is 3 a factor of 813?
True
Does 91 divide 298?
False
Is 33 a factor of 30892?
False
Does 77 divide 31647?
True
Does 6 divide 172?
False
Does 18 divide 6048?
True
Is 1548 a multiple of 12?
True
Is 122 a factor of 1112?
False
Is 3573 a multiple of 70?
False
Does 289 divide 6301?
False
Is 84 a factor of 5208?
True
Is 25889 a multiple of 326?
False
Does 9 divide 123545?
False
Is 59 a factor of 271?
False
Is 63088 a multiple of 260?
False
Is 5 a factor of 102?
False
Is 110 a factor of 33110?
True
Does 50 divide 3907?
False
Does 6 divide 1909?
False
Does 16 divide 1952?
True
Does 26 divide 2262?
True
Is 16 a factor of 4928?
True
Is 5940 a multiple of 6?
True
Does 28 divide 451?
False
Is 10486 a multiple of 18?
False
Does 48 divide 33305?
False
Does 17 divide 2347?
False
Is 20 a factor of 21307?
False
Is 67 a factor of 938?
True
Is 11 a factor of 4004?
True
Does 148 divide 6660?
True
Does 11 divide 30463?
False
Is 12069 a multiple of 149?
True
Is 22 a factor of 627?
False
Is 11247 a multiple of 69?
True
Is 9057 a multiple of 151?
False
Does 10 divide 130?
True
Is 40 a factor of 760?
True
Is 39 a factor of 267?
False
Is 1504 a multiple of 32?
True
Is 3 a factor of 134?
False
Does 18 divide 7578?
True
Is 86 a factor of 34916?
True
Does 77 divide 146?
False
Does 4 divide 6046?
False
Is 1735 a multiple of 22?
False
Is 319 a multiple of 29?
True
Does 7 divide 14521?
False
Is 15 a factor of 6045?
True
Is 166 a factor of 7138?
True
Is 17 a factor of 40766?
True
Is 28137 a multiple of 166?
False
Is 63 a factor of 299?
False
Is 13428 a multiple of 49?
False
Is 116 a factor of 32596?
True
Does 2 divide 573?
False
Does 4 divide 11?
False
Is 29 a factor of 1884?
False
Is 17 a factor of 1782?
False
Is 5810 a multiple of 35?
True
Is 13 a factor of 2743?
True
Does 9 divide 395?
False
Is 2550 a multiple of 51?
True
Is 9750 a multiple of 65?
True
Is 155 a factor of 7130?
True
Does 3 divide 1891?
False
Does 24 divide 384?
True
Is 659 a multiple of 8?
False
Does 113 divide 3277?
True
Is 14 a factor of 214?
False
Does 8 divide 664?
True
Is 63 a multiple of 21?
True
Is 8 a factor of 65255?
False
Is 71 a factor of 1498?
False
Does 33 divide 99693?
True
Is 220 a factor of 15005?
False
Is 504 a multiple of 41?
False
Is 40 a factor of 9640?
True
Is 40510 a multiple of 32?
False
Is 66 a factor of 1056?
True
Does 24 divide 59884?
False
Does 17 divide 25415?
True
Does 13 divide 32019?
True
Is 1151 a multiple of 16?
False
Is 3096 a multiple of 4?
True
Is 11793 a multiple of 5?
False
Is 11 a factor of 53754?
False
Is 1008 a multiple of 9?
True
Is 1169 a multiple of 12?
False
Is 20642 a multiple of 12?
False
Is 2518 a multiple of 24?
False
Is 161 a multiple of 7?
True
Is 2 a factor of 68?
True
Is 2121 a multiple of 28?
False
Does 18 divide 13723?
False
Is 7 a factor of 1152?
False
Does 17 divide 15725?
True
Is 55288 a multiple of 107?
False
Is 147 a multiple of 9?
False
Is 67013 a multiple of 17?
False
Is 79 a factor of 2303?
False
Is 49 a factor of 28420?
True
Does 132 divide 946?
False
Is 35 a factor of 2224?
False
Is 12 a factor of 792?
True
Does 15 divide 1350?
True
Is 41148 a multiple of 193?
False
Does 24 divide 94694?
False
Is 3 a factor of 40?
False
Is 11 a factor of 272?
False
Is 201 a factor of 42564?
False
Does 5 divide 69198?
False
Is 8 a factor of 217?
False
Is 12 a factor of 948?
True
Does 110 divide 12100?
True
Is 2258 a multiple of 14?
False
Is 3245 a multiple of 47?
False
Does 26 divide 858?
True
Is 27 a factor of 35946?
False
Is 2898 a multiple of 14?
True
Is 7 a factor of 1117?
False
Is 9962 a multiple of 12?
False
Is 2624 a multiple of 53?
False
Does 17 divide 48671?
True
Is 6351 a multiple of 219?
True
Is 4 a factor of 293?
False
Is 36 a factor of 456?
False
Does 18 divide 342?
True
Is 60 a factor of 420?
True
Is 9 a factor of 108?
True
Is 102 a factor of 45956?
False
Does 13 divide 1300?
True
Is 38 a factor of 6992?
True
Is 58 a factor of 1392?
True
Is 66 a factor of 35706?
True
Is 33 a factor of 66?
True
Is 4023 a multiple of 149?
True
Is 16 a factor of 1235?
False
Does 62 divide 1984?
True
Is 11035 a multiple of 17?
False
Is 14 a factor of 8288?
True
Is 38 a multiple of 19?
True
Is 74475 a multiple of 225?
True
Does 32 divide 15879?
False
Does 16 divide 5856?
True
Does 74 divide 4736?
True
Is 5336 a multiple of 46?
True
Does 10 divide 2114?
False
Does 45 divide 16290?
True
Is 137 a factor of 6850?
True
Is 180 a multiple of 20?
True
Is 28 a factor of 17328?
False
Is 12592 a multiple of 8?
True
Is 52 a factor of 4524?
True
Does 13 divide 221?
True
Is 318 a factor of 2544?
True
Is 29160 a multiple of 81?
True
Does 37 divide 6959?
False
Does 29 divide 38647?
False
Does 69 divide 3316?
False
Is 41 a multiple of 12?
False
Does 73 divide 114245?
True
Is 11152 a multiple of 67?
False
Is 907 a multiple of 7?
False
Is 6 a factor of 39?
False
Does 5 divide 1459?
False
Is 52 a factor of 17115?
False
Is 42 a factor of 2268?
True
Is 5160 a multiple of 6?
True
Is 2080 a multiple of 16?
True
Does 18 divide 180?
True
Does 30 divide 129?
False
Is 28 a factor of 6643?
False
Does 16 divide 14479?
False
Does 17 divide 1819?
True
Does 18 divide 25352?
False
Is 10408 a multiple of 15?
False
Does 5 divide 7015?
True
Is 405 a multiple of 24?
False
Does 6 divide 210?
True
Is 6983 a multiple of 42?
False
Is 17 a multiple of 7?
False
Is 781 a multiple of 21?
False
Does 9 divide 6964?
False
Does 23 divide 667?
True
Does 30 divide 510?
True
Is 229 a factor of 6466?
False
Does 40 divide 440?
True
Is 70122 a multiple of 174?
True
Does 14 divide 1483?
False
Does 61 divide 854?
True
Does 3 divide 268?
False
Is 14 a factor of 1681